f p(-11).
3, 5, 17, 29
Let t = -43 - -46. Suppose -z - t*z = -2400. Suppose -d - 4*d + z = 0. What are the prime factors of d?
2, 3, 5
Suppose -39 = -5*s + t + 58, -s - 3*t + 29 = 0. What are the prime factors of (21/(-35) + (-1498)/s)*-2?
151
Let f(b) = -b**3 - 18*b**2 - 24*b + 22. Let y = 523 + -540. What are the prime factors of f(y)?
3, 47
Let u = 38157 + -7799. List the prime factors of u.
2, 43, 353
Let j(z) = -6*z + 21. Suppose 4*p + 0*p - 69 = t, -t = 3*p - 50. Let w = 11 - p. List the prime factors of j(w).
3, 19
Suppose 0 = -8*a + 23071 - 47. Suppose -3*d - l + a = 0, 3*d - 9*l - 2898 = -6*l. List the prime factors of d.
31
Suppose 0 = 3*w - 3, 4*b + 97*w = 95*w + 138150. What are the prime factors of b?
34537
Let f = 582 + -578. Suppose -2*s - 1100 = -w + 106, f*s = -12. What are the prime factors of w?
2, 3, 5
Let f(y) = 360*y**2 + 572*y + 4026. List the prime factors of f(-7).
2, 8831
Suppose -34821 = -197*n + 38*n. List the prime factors of n.
3, 73
Let k(y) = -y**3 + 43*y**2 - 28*y + 54. List the prime factors of k(18).
2, 3, 5, 17
Suppose 1234125 + 404055 = 76*u. List the prime factors of u.
3, 5, 479
Suppose 0 = 492*m - 500*m + 46256. List the prime factors of m.
2, 7, 59
Let y(f) = 3*f**2 - 29*f + 59. Let d(u) = -u**2 + 10*u - 20. Let h(k) = -7*d(k) - 2*y(k). Suppose 76 = 4*v + 4. List the prime factors of h(v).
2, 5, 13
Let k be 3 - -15*(-6 - -7). Suppose k*n - 21*n + 3597 = 3*x, n = 2*x + 1211. List the prime factors of n.
3, 401
Let j(p) = p**2 - 41*p - 81. Let t be j(45). List the prime factors of (-66)/t*(-1875)/2.
5
Let y = -32 + 63. Let b be 3*(y/6 - 21/(-14)). Suppose 4*m + 2*f + 2*f = 344, -b = -5*f. List the prime factors of m.
2, 41
Let j(l) = 80*l + 26. Let w(o) = o. Suppose -x - 2 = f - 1, -4*f = 2*x + 2. Let b(i) = x*j(i) - w(i). List the prime factors of b(-3).
7, 31
Let x = -135 + -42. Let i = 178 - x. What are the prime factors of i?
5, 71
Let x(s) = 2*s - 56. Let b be x(28). Suppose -3*l - 15 = b, -4*i + 1321 = 8*l - 13*l. What are the prime factors of i?
2, 3
Let h(n) = 1326*n**2 - 669*n - 15. What are the prime factors of h(5)?
2, 3, 5, 331
List the prime factors of (4 - -237)/((-1*(-7 + 8))/(-1)).
241
Suppose 16*a - 9652 = 3660. Suppose 5*o + 766 + 54 = 5*h, -5*h = -2*o - a. What are the prime factors of h?
2, 3, 7
Let y(a) = -a**2 - 8*a + 31. Suppose 0 = 3*i + 2*b + 3*b - 15, -2*i + 2*b = 6. List the prime factors of y(i).
31
Suppose 33 = 4*f + 5*x, -5*f + 0*f - 4*x + 39 = 0. Let j be (2/(-6))/(f/(-21)). What are the prime factors of (624/(-40))/(j/(-5))?
2, 3, 13
Let o = -8467 - -10437. List the prime factors of o.
2, 5, 197
Let u(z) = -z**3 + 6*z**2 + 6*z + 8. Let b be u(7). Let r be (b - -1 - 2) + (-28 - 5). Let a = r + 99. What are the prime factors of a?
2, 3, 11
Suppose 2*o + 4*y = 28, -5*o + 3*y + 3 = -2. Suppose 4*m + 6 = -14, 5*n = -o*m + 1775. What are the prime factors of n?
359
Let z(f) = -1514*f + 287. List the prime factors of z(-2).
3, 5, 13, 17
Let y be (168/(-70))/6 - (-62)/5. Suppose -3111 = -y*w + 6765. What are the prime factors of w?
823
Let b be 7/4*-4*1. List the prime factors of 811 + (b/(-1))/(-7).
2, 3, 5
Suppose 183656 + 143572 = 22*p. What are the prime factors of p?
2, 3, 37, 67
Let a(u) = u**2 + 32*u - 1265. Let o be a(-55). Let p(q) = 15*q**2. Let t be p(-1). Suppose o = 2*n - 3*c + 6*c - t, 0 = 3*c + 15. List the prime factors of n.
3, 5
Suppose -98*r = -90*r - 8280. Suppose -8*o = -3507 + r. List the prime factors of o.
3, 103
Let r = 12476 + -8398. What are the prime factors of r?
2, 2039
Let c(t) = -t**3 + 7*t**2 + 5*t. Let v be c(6). Suppose 13*g = -12*g + 2575. Let m = g - v. What are the prime factors of m?
37
Suppose 3*k + 6*k + 54 = 0. Let y be (-5)/(0 - (-15)/k). What are the prime factors of (3 - y) + 168 - (-5 + 7)?
167
Let q(f) = -8*f - 148. Let j be q(-19). Suppose 0 = -c + j*x + 940, 5*x = 11*c - 15*c + 3739. What are the prime factors of c?
2, 3, 13
Suppose -d = 3*s - 7, -2*d + 5*s + 1 = -2. Suppose 5*h - 620 = v - 6*v, -d*h + 615 = 5*v. Let c = v + 99. List the prime factors of c.
2, 109
Let g be 16/12*6/(-4). Let w = 37 - g. List the prime factors of w.
3, 13
Suppose 0 = 4*a - 16*m + 11*m - 4, 0 = 5*a - 5*m - 10. What are the prime factors of (-20)/(-8)*a/5*1?
3
Let o be (26/(-6))/((-6)/(-54)). Let q be (o/(-26))/(1/4). Suppose -3*z = -z + q, -3*x + 3*z = -321. What are the prime factors of x?
2, 13
Let r(n) = -n**2 + 28*n + 2. Let h(c) = -7*c - 47. Let u be h(-9). List the prime factors of r(u).
2, 97
Let s(r) = r**3 - 8*r**2 + 6*r + 7. Let h be s(7). Suppose -2*d - 3*d - 25 = h, 2*p - d = 983. List the prime factors of p.
3, 163
Suppose 893 - 6065 = -6*j. Suppose 5*k + j + 111 = 3*d, -2*k - 1288 = -4*d. What are the prime factors of d?
3, 107
Let u(z) = -543*z - 396. What are the prime factors of u(-34)?
2, 3, 3011
Suppose 0 = -34*p - 217 - 89. Let f(l) = -63*l - 51. What are the prime factors of f(p)?
2, 3, 43
Let g be (-1 - 6/(-4))*(-5 + 5). Let n be 1 + -6*(g + 4) + 3. Let q = 41 - n. What are the prime factors of q?
61
Suppose 2840312 = 102*x - 1394320. What are the prime factors of x?
2, 97, 107
Suppose 38812 = 24*x + 18*x - 113186. What are the prime factors of x?
7, 11, 47
Let o(p) = 36*p + 168. Let f(a) = a**3 + 8*a**2 + 2*a - 25. Let b be f(-5). What are the prime factors of o(b)?
2, 3, 67
Suppose -4*p + 40052 = z, -3*z - 10*p = -3*p - 120141. What are the prime factors of z?
2, 5, 7, 11, 13
Let m = -32006 + 65284. List the prime factors of m.
2, 7, 2377
Let r = 3 - 4. Suppose -a - 38 = 3*a - 3*b, 3*a = -2*b - 20. List the prime factors of 2/((a/44)/r).
11
Let t be (5/20)/(1/2)*-2000. Let k be -1 - t/28 - (-4)/14. Let x = 15 + k. What are the prime factors of x?
2, 5
Let c(v) be the first derivative of -2*v**3/3 + 17*v**2 - 19*v + 67. What are the prime factors of c(12)?
101
Let x(q) = 2727*q - 1941. List the prime factors of x(7).
2, 3, 1429
Let s = -58 + 62. Suppose -s*l - 18 = -46. Suppose 0 = d - 3, 133 + l = t - d. List the prime factors of t.
11, 13
Let y be (-3)/6 + ((-59)/(-2) - 3). List the prime factors of (6/4)/(y/9932).
3, 191
Let l = -373 - -382. List the prime factors of (-15)/(-2) + (-2)/(12/l).
2, 3
Let a be (1 - 2) + 0 - (18 + 17). Let b = -30 - a. Suppose -b*f = f - 1078. List the prime factors of f.
2, 7, 11
Let m(i) = -22*i + 4*i + 29 - 13*i - i. List the prime factors of m(-9).
317
Let l = -22734 - -77521. List the prime factors of l.
54787
Suppose -67*g - 17*g + 152376 = 0. List the prime factors of g.
2, 907
Let n be (-36)/6 + 1/2*-2. Let v(s) = s**2 + 10*s + 20. Let y be v(n). What are the prime factors of (-19*(-6)/12)/(y/(-26))?
13, 19
Let v(j) = -14*j + 10. Let b be v(1). List the prime factors of 31416/147 + b/(-14).
2, 107
Let r = 7317 + -2567. Suppose 0 = 4*a - 2*j - r, -j = -a + j + 1180. Suppose -p - 5*d = 4*p - a, -2*d - 1190 = -5*p. List the prime factors of p.
2, 7, 17
Suppose 7*n - 73 - 53 = 0. Let w(t) = 3*t**2 + 8*t - 3. Let p be w(-8). Let d = n + p. What are the prime factors of d?
11, 13
Suppose 280 = -2*u + y + 4, 5*y - 10 = 0. Let i = u - -224. List the prime factors of i.
3, 29
Suppose -3*r + 62842 = 3222*f - 3221*f, -2*f + 3*r = -125720. List the prime factors of f.
2, 11, 2857
Let g(z) = 2*z**3 + z**2 - 3*z + 2. Suppose -4*a = -0*a - 4. Let i be g(a). What are the prime factors of 27 - (i/7 + 32/(-14))?
29
Let o = -201 - -463. Let p = -146 + o. Suppose 5131 = 17*g + p. What are the prime factors of g?
5, 59
Let c = 4974 + -4108. List the prime factors of c.
2, 433
Suppose -20*s + 5091 + 1079 + 2630 = 0. What are the prime factors of s?
2, 5, 11
Suppose -5*z + 4*r + 21528 = 0, 2*z - 5*z = -3*r - 12921. What are the prime factors of z?
2, 5, 43
Let g(c) = 6*c - 70. Let h be g(12). Suppose h*w - 115 - 379 = 0. List the prime factors of w.
13, 19
Let x(z) = -4*z - 22. Let y be x(-7). Suppose -3*r = 2*s - y, -s + 5*r + 2 = -27. What are the prime factors of s?
3
Let l = 2698 - 1080. Suppose 7*d - 41 = l. What are the prime factors of d?
3, 79
Let m(x) = -x**3 + 37*x**2 - 24*x - 59. Let a be m(36). Suppose -3*q - 66 + a = 4*w, 2*q + 2*w = 202. List the prime factors of q.
97
Let h be 14832/8*(-2)/(-4). Let m = -502 + h. List the prime factors of m.
5, 17
Let l = -242 + 247. Suppose 9*h - 944 = -5*g + 